ist the prime factors of 110993935.
5, 13, 17, 100447
What are the prime factors of 109775637?
3, 809, 15077
List the prime factors of 1254750082.
2, 19, 229, 7589
List the prime factors of 239805924.
2, 3, 83, 240769
What are the prime factors of 461754008?
2, 29, 1990319
List the prime factors of 17983326.
2, 3, 2997221
What are the prime factors of 95962375?
5, 167, 4597
List the prime factors of 39656771.
7, 11, 61, 8443
What are the prime factors of 1090548327?
3, 11, 43, 269, 2857
What are the prime factors of 42303949?
42303949
What are the prime factors of 1231541180?
2, 5, 269, 228911
What are the prime factors of 357223220?
2, 5, 17861161
List the prime factors of 6238287159.
3, 13, 331, 483251
What are the prime factors of 3229858459?
3229858459
What are the prime factors of 1088945?
5, 11, 13, 1523
List the prime factors of 8049856.
2, 73, 1723
List the prime factors of 58310536.
2, 7288817
What are the prime factors of 263938685?
5, 17, 23, 135007
What are the prime factors of 1075712063?
37, 577, 50387
List the prime factors of 2443385435.
5, 17, 31, 101, 9181
List the prime factors of 49181017.
17, 41, 1721
What are the prime factors of 188596225?
5, 7543849
List the prime factors of 56098902.
2, 3, 31, 197, 1531
List the prime factors of 364947374.
2, 11, 1508047
What are the prime factors of 19162988?
2, 13, 401, 919
What are the prime factors of 3297949668?
2, 3, 13, 23, 59, 577
What are the prime factors of 1356306127?
11, 19, 1523, 4261
What are the prime factors of 256012797?
3, 85337599
List the prime factors of 1255880499.
3, 418626833
List the prime factors of 58469062.
2, 29234531
What are the prime factors of 2502638472?
2, 3, 79, 241, 5477
What are the prime factors of 48958790?
2, 5, 59, 82981
List the prime factors of 358250589.
3, 39805621
What are the prime factors of 418707267?
3, 11, 12688099
What are the prime factors of 503247023?
503247023
List the prime factors of 226145528.
2, 7, 191, 21143
List the prime factors of 143691925.
5, 13, 23, 47, 409
List the prime factors of 19177581.
3, 17, 37, 10163
List the prime factors of 8475286.
2, 4237643
What are the prime factors of 4081508032?
2, 7, 191, 47699
List the prime factors of 1682544671.
877, 1918523
What are the prime factors of 485177299?
43, 11283193
List the prime factors of 1300170385.
5, 5171, 50287
List the prime factors of 3112863383.
7, 444694769
What are the prime factors of 1402561613?
31, 461, 98143
List the prime factors of 382002754.
2, 7, 947, 28813
What are the prime factors of 2071647736?
2, 233, 1111399
List the prime factors of 851389622.
2, 425694811
What are the prime factors of 1942125496?
2, 8779, 27653
What are the prime factors of 1580119438?
2, 790059719
List the prime factors of 221183837.
7, 2683, 11777
What are the prime factors of 5649061727?
127, 2377, 18713
What are the prime factors of 26921727?
3, 7, 17, 19
List the prime factors of 505464149.
1039, 486491
List the prime factors of 105740315.
5, 23, 79, 103, 113
What are the prime factors of 93752897?
7, 19, 31, 22739
List the prime factors of 64991288.
2, 1427, 5693
List the prime factors of 14748828.
2, 3, 43, 101, 283
What are the prime factors of 4005442480?
2, 5, 13, 3851387
What are the prime factors of 4082338?
2, 13, 157013
List the prime factors of 984855403.
7, 140693629
List the prime factors of 1582122474.
2, 3, 61, 1440913
List the prime factors of 5961663647.
5961663647
What are the prime factors of 97211225?
5, 23, 169063
What are the prime factors of 944364613?
23, 29, 197, 7187
List the prime factors of 42181037.
607, 69491
List the prime factors of 483162750.
2, 3, 5, 7, 30677
What are the prime factors of 52377548?
2, 179, 191, 383
What are the prime factors of 20727021?
3, 7, 461, 2141
List the prime factors of 475781983.
19, 1627, 15391
List the prime factors of 215894625.
3, 5, 19, 157, 193
List the prime factors of 4186438797.
3, 401, 3479999
List the prime factors of 23366966.
2, 7, 41, 40709
List the prime factors of 80738615.
5, 241, 67003
List the prime factors of 1432197408.
2, 3, 14918723
List the prime factors of 1986095358.
2, 3, 13, 8487587
List the prime factors of 164656037.
7, 13, 173, 10459
What are the prime factors of 40199983?
40199983
List the prime factors of 136712168.
2, 17089021
List the prime factors of 85849157.
3251, 26407
What are the prime factors of 362951945?
5, 83, 874583
List the prime factors of 53388912.
2, 3, 1112269
What are the prime factors of 23488470?
2, 3, 5, 260983
What are the prime factors of 149174763?
3, 67, 71, 10453
What are the prime factors of 111254378?
2, 55627189
List the prime factors of 547806584.
2, 13, 43, 122497
List the prime factors of 22772900.
2, 5, 227729
List the prime factors of 835124226.
2, 3, 181, 379, 2029
What are the prime factors of 5155081264?
2, 23, 31, 311, 1453
List the prime factors of 489587426.
2, 244793713
What are the prime factors of 147776068?
2, 11, 3358547
List the prime factors of 47576600.
2, 5, 237883
What are the prime factors of 87053594?
2, 43526797
List the prime factors of 263227916.
2, 7, 23, 37, 11047
What are the prime factors of 75884163?
3, 137, 184633
What are the prime factors of 56854569?
3, 18951523
List the prime factors of 4900774826.
2, 239, 1669, 6143
What are the prime factors of 15662779?
11, 41, 34729
List the prime factors of 9827250.
2, 3, 5, 13103
What are the prime factors of 39425869?
7, 5632267
List the prime factors of 603965689.
37, 71, 149, 1543
What are the prime factors of 1569739500?
2, 3, 5, 7, 113
List the prime factors of 6805046768.
2, 13, 32716571
What are the prime factors of 61501951?
7, 8785993
List the prime factors of 100650406.
2, 47, 107, 10007
What are the prime factors of 41148922?
2, 20574461
List the prime factors of 6182966994.
2, 3, 73, 14116363
What are the prime factors of 55441494?
2, 3, 1061, 2903
List the prime factors of 158545987.
29, 409, 13367
List the prime factors of 33415769.
33415769
List the prime factors of 2504540.
2, 5, 97, 1291
What are the prime factors of 5889252182?
2, 11, 267693281
List the prime factors of 271183783.
13, 1637, 12743
What are the prime factors of 36636121?
257, 142553
List the prime factors of 31128601.
7, 71, 62633
What are the prime factors of 1029565027?
19, 54187633
List the prime factors of 101858091.
3, 71, 478207
What are the prime factors of 138419299?
5059, 27361
List the prime factors of 748073931.
3, 11, 22668907
List the prime factors of 48776370.
2, 3, 5, 1625879
List the prime factors of 164876445.
3, 5, 31, 39397
List the prime factors of 806564278.
2, 13, 1669, 18587
What are the prime factors of 961567504?
2, 19, 3163051
What are the prime factors of 41786072?
2, 167, 31277
List the prime factors of 2492746081.
7, 50872369
What are the prime factors of 13447925?
5, 479, 1123
What are the prime factors of 729514022?
2, 2371, 153841
List the prime factors of 36763930.
2, 5, 7, 525199
What are the prime factors of 948314018?
2, 47, 1087, 9281
What are the prime factors of 109879809?
3, 13, 23, 122497
What are the prime factors of 1808124488?
2, 17, 557, 23869
List the prime factors of 473369865.
3, 5, 443, 71237
List the prime factors of 46456036.
2, 11, 17, 173, 359
What are the prime factors of 2342770140?
2, 3, 5, 89, 438721
What are the prime factors of 84410795?
5, 7, 2411737
List the prime factors of 77308688.
2, 37, 130589
List the prime factors of 7779544175.
5, 13, 647, 36997
What are the prime factors of 82203132?
2, 3, 11, 622751
List the prime factors of 2124375201.
3, 13, 6052351
List the prime factors of 983644899.
3, 41, 7997113
What are the prime factors of 10165221?
3, 11, 102679
List the prime factors of 66499323.
3, 11, 37, 107, 509
List the prime factors of 113094425.
5, 79, 173, 331
What are the prime factors of 1193222275?
5, 7, 349, 2791
List the prime factors of 31544398.
2, 1171, 13469
What are the prime factors of 763342514?
2, 11, 34697387
List the prime factors of 40569564.
2, 3, 7, 482971
What are the prime factors of 43892856?
2, 3, 7, 73, 1193
What are the prime factors of 1345059643?
29, 46381367
What are the prime factors of 145014082?
2, 47, 1542703
What are the prime factors of 330478722?
2, 3, 7, 29, 149, 607
List the prime